(3 + -3)))?
0
What is -3 - (-1 + (4 + -8 - -6))?
-4
(5 - 8) + 1 + 1
-1
Calculate 4 + (-10 + 20 - 17).
-3
-1 + (0 - -2 - (-6 - -3))
4
What is the value of 8 - (29 + -11 - 13)?
3
(-23 - -23) + (-1 - 3)
-4
What is -68 + 58 + (-1 - -5)?
-6
Calculate 5 - 2 - ((4 - 7) + 2).
4
Evaluate 5 - 11 - (-7 + -1).
2
What is the value of (-4 - -6) + -4 + 1 + 1?
0
-10 + 2 + (-3 - -7) - -1
-3
Evaluate -2 + -1 + (-8 - (-11 + 5)).
-5
Calculate -11 + (6 - 3) - 1.
-9
What is 0 + -2 + 6 + (8 - 16)?
-4
What is the value of 4 - 2 - (1 - 2)?
3
What is (14 - 6) + -1 + -13?
-6
What is (13 - 0) + -111 + 106?
8
Calculate 1 + 3 + (-2 - 0 - 1).
1
Evaluate -13 + 11 - (0 - 4).
2
Calculate -5 + (8 - (7 - 8)).
4
What is the value of (-1 + -3 - (-24 - -19)) + -1?
0
4 + 2 + 0 + -2
4
Evaluate -25 - -16 - (-7 - 11).
9
What is 0 + 2 - (2 + 3)?
-3
(2 - 1) + 1 - -2
4
Evaluate -1 + 2 + -3 + 8 - 2.
4
Evaluate -1 + 10 + -14 - (2 - 12).
5
Calculate -5 - (3 + (8 - 15)).
-1
What is -9 + -2 + -1 + 8?
-4
What is the value of (8 - 6) + -2 + -3?
-3
Calculate (1 - (2 - 5)) + -2 + 5.
7
What is the value of (3 - (0 + 19)) + 8?
-8
What is the value of 5 + -5 + 12 + -5 + 0?
7
What is the value of (10 - 8 - 2) + -2?
-2
Calculate (0 - -1) + (-1 + -2 - -1).
-1
3 + -9 + 1 + 12 + -2
5
(3 + 1 - (-7 + 14)) + -1
-4
What is the value of (5 + -1 - (-2 - -3)) + -4?
-1
Calculate 2 + (3 - 3) + 4 + 1.
7
-30 + -1 + 14 - -8
-9
Calculate 16 + -5 + (-4 - 3).
4
What is -1 + (-6 - -10) + -2?
1
6 + -4 + 0 + 2 - 8
-4
Evaluate 7 + -7 - (2 + -9).
7
Calculate -9 + 1 + 4 + -4.
-8
Calculate (8 - (-4 + 24)) + 6.
-6
Evaluate 1 + -8 + 8 + -1.
0
2 + 5 + -1 + (-1 - 2)
3
(-3 - -1) + 4 + (0 - 2)
0
Calculate -39 - -32 - (-2 - 7).
2
-8 + 19 + (-5 - 1)
5
What is 2 + -13 + 17 + -12?
-6
What is the value of 12 + -8 + 3 - 11?
-4
What is (-1 - 0) + -2 + 3 - 2?
-2
What is -6 - -6 - 3 - (-5 + 2)?
0
What is (2 - (2 + 1)) + -1?
-2
Evaluate -31 + (8 - -16) - (-6 + 1).
-2
What is 11 + (-1 + (-3 - 1) - 0)?
6
2 + -5 + (1 - -8)
6
Evaluate (1 - (-3 - 1)) + 5 + -10.
0
What is the value of 3 - (3 - (-9 - -4))?
-5
Evaluate -14 + 5 - -19 - (4 - 1).
7
Calculate -7 - -2 - -1 - -7 - -3.
6
Calculate 4 + -6 + (-3 + 1 - 1).
-5
What is the value of -6 + -3 + -6 + 6 + 3?
-6
What is the value of 0 + 1 - ((46 - 22) + -26)?
3
What is (-19 - -17) + 0 + 0?
-2
What is the value of 7 - (1 + 7 + 6)?
-7
Calculate (-2 - -3) + (0 - 3) - 2.
-4
What is 5 - (3 - (-4 + 3))?
1
What is the value of -4 + 8 + (7 - 4)?
7
What is -2 + -3 + 7 + -5?
-3
What is the value of -2 - ((3 - (3 - 0)) + 0)?
-2
8 + (0 + -2 - 7) - 3
-4
Evaluate -13 + 7 + -2 + 5.
-3
(-1 - 5 - -3) + 6
3
What is the value of 8 - (2 + 3) - -2?
5
0 - (3 - (2 - -1))
0
What is (6 - 3 - 4) + 0 + 1?
0
Calculate -10 + (10 - 1) - (0 + 0).
-1
3 - ((-2 - -5) + -4)
4
What is the value of 4 - (5 - 5) - 5 - -5?
4
Calculate 6 + 0 + -5 - (0 - -1).
0
Calculate -1 + 4 - (7 - 2).
-2
What is the value of 0 + (-3 - (-7 + 0))?
4
What is -8 + (10 - 2) + -3?
-3
What is the value of (-6 - -6 - 2) + 5?
3
What is 4 + 1 + (-4 - (2 + -4))?
3
Calculate -5 - (7 + -17) - 7.
-2
Evaluate 7 + 3 + -5 - 1.
4
(-5 - (-3 + 6)) + (3 - 0)
-5
14 + -6 - (7 - 0)
1
Evaluate (3 + -9 - -8) + (-1 - 2).
-1
What is (6 - (-10 - -7)) + -2?
7
Calculate 3 + (-5 - (-4 - 0)).
2
Evaluate -7 + 9 + -7 + 10.
5
Calculate -5 + 1 + 28 + -28 + 1.
-3
Evaluate 6 - -2 - (1 + 8).
-1
What is -1 + -3 + (-15 - -22 - 3)?
0
Evaluate -4 + (-2 - -2) - 1.
-5
What is (2 + 7 - (-7 - -10)) + -2?
4
Evaluate -9 + 8 + -2 + 2.
-1
6 - (6 - (-5 + 9))
4
Evaluate -3 - (0 - -1) - (28 - 30).
-2
-8 + (-13 - -7 - 0 - -7)
-7
Evaluate -1 + 7 - (8 + 5 + -11).
4
What is -18 - (-2 - (-2 + 12))?
-6
7 + 2 + -17 + 4 + 0
-4
Evaluate -1 + (-4 - -3 - 1) + 6.
3
What is 3 - (0 + 0 - (1 + 1))?
5
-16 + (-1 - (9 - 18))
-8
Evaluate 3 - 2 - (1 - -2).
-2
Evaluate 6 - (-5 + 2) - 4.
5
-6 + -2 + -2 + 2 + 0
-8
3 + (4 - (0 + 6)) + -3
-2
33 + -25 + (-2 - 5)
1
What is the value of 0 + -2 + 13 + -7?
4
(0 - -3) + (-11 - -8) - 3
-3
Evaluate 1 - 1 - (36 - 39).
3
26 + -26 + (-5 - 0)
-5
-7 + 2 + (7 - 3) + -1
-2
What is the value of 18 + 3 + (2 - 13)?
10
Evaluate -24 + 28 - (7 - (-2 + 3)).
-2
Calculate (3 - 7 - -4) + -5.
-5
What is the value of 5 + -1 - 1 - 0?
3
What is the value of (7 - (-2 + 5)) + 4 + -2?
6
What is -13 - (0 + 0 + -12 + 7)?
-8
What is the value of (-1 - -21 - 4) + -17 + 10?
9
What is 3 + -2 + -17 - (18 - 25)?
-9
Evaluate -2 + -1 + 1 + 3 - 3.
-2
Evaluate 5 - (5 + 1 - -2).
-3
What is the value of -3 + (-1 - -3) + 3?
2
Evaluate 0 + (5 - 2) - -1.
4
What is the value of 3 - (-2 + (4 - (2 + 1)))?
4
What is the value of 5 - 3 - (7 - 9)?
4
Evaluate (-2 - 1 - (16 - 24)) + -3.
2
What is the value of (3 - (3 - (2 - -3))) + -3?
2
Calculate 0 + (-2 - -7 - 1).
4
Evaluate 3 + -3 + (-1 - -1).
0
What is 1 - (3 + -4 + 1)?
1
Calculate (-10 - (-11 + 4)) + -1 + 1.
-3
Evaluate 7 + 0 + -1 - 7.
-1
Calculate -6 - 0 - (13 - 20).
1
What is the value of 4 - (-1 - -5) - -2?
2
Evaluate 2 + 4 - (-2 - -7).
1
(-3 - -5) + -3 - 2
-3
What is the value of 0 + 5 + -9 + (2 - -2)?
0
What is the value of -4 + (10 - 8) + -7?
-9
Evaluate -5 + 0 + (4 - 2).
-3
(-6 - (-15 - -11)) + 1
-1
1 - 8 - (-6 + 6 + -1)
-6
-3 + 4 + 2 + 0
3
What is -6 - -3 - (-2 + 0)?
-1
Calculate 0 + -1 + (22 - 17).
4
Evaluate 0 + 2 + -7 + 10.
5
Calculate -1 + (3 - (-3 - -6)).
-1
What is the value of (8 - 6) + -2 - 7?
-7
What is 10 + 0 + -4 - (1 - -7)?
-2
What is the value of (9 - (-5 - (1 - 9))) + 3?
9
What is the value of 2 + 1 + (3 - 2) + -2?
2
What is -7 + 1 + (-22 - 2) + 20?
-10
Evaluate (3 - (1 + -2)) + 1.
5
-1 - (-5 + 3 - -1) - -3
3
What is the value of 14 - ((-1 - -13) + (-4 - 1))?
7
What is 0 - (-4 - 0 - -8 - 6)?
2
Calculate -1 + -3 + (2 - 0) - -1.
-1
Calculate -3 - (3 - (-2 - -7)).
-1
What is the value of (-3 - -4 - 2) + 5 + -1?
3
Evaluate -3 - (-13 + (2 - -5)).
3
Evaluate -9 + 2 + (-5 - (-8 + 7)).
-11
What is the value of 0 - (-4 + 4 + 5) - -5?
0
Calculate 5 - 1 - (2 - 3).
5
What is the value of 2 + (9 - 5 - 5) + 0?
1
What is 2 + -4 - (-2 + (-4 - -5))?
-1
Evaluate -5 + -2 - (2 - 4 - 0).
-5
Calculate -4 - 0 - (-4 - 6).
6
What is the value of 0 + 6 + -3 + -8?
-5
(0 - -7) + (-1 - 0)
6
Evaluate (-8 - 1 - -3) + 2 - 2.
-6
2 + 2 + 1 + (-17 - -15)
3
(-6 - -7 - 2) + -4 + 0
-5
What is the value of -1 - -1 - (25 - (5 + 28))?
8
Evaluate (-3 - (-3 - -1)) + 4.
3
What is (24 - 24) + (2 + 2 - 0)?
4
Calculate 0 - 0 - (-5 + 9 + -1).
-3
(3 - 3) + -1 - (-2 + 3)
-2
What is the value of 9 + (-3 - -7 - 8)?
5
7 - (3 - (-6 - -3))
1
-11 - -4 - (-1 - (2 + 1))
-3
Calculate 1 + -8 - ((-2 - 2) + 2).
-5
What is -1 + (5 + -2 - -3)?
5
Calculate -2 - -8 - (-2 + 5).
3
Calculate 6 + (-9 + 13 - (3 - -2)).
5
6 + (-9 - -3) + 5
5
Evaluate (6 - 5) + (-3 - -1) - -1.
0
What is 4 + (-1 - (1 - 1) - 8)?
-5
What is the value of (3 - (1 - (-1 + 1))) + -1?
1
What is (12 - 5) + -16 + 15?
6
6 + 8 + -11 + 1
4
Calculate (0 - 3 - -1) + -1 - -1.
-2
-3 + 2 + 1 + 9 + -10
-1
What is the value of -7 + (-7 - (-5 - 8))?
-1
Evaluate -2 + 4 + 2 + 2.
6
Evaluate -5 + (11 - (-3 + 1 - -3)).
5
9 + -10 + -7 - -8
0
1 + 5 + -3 + -3
0
Calculate -8 + (0 - 1 - (-4 - 12)).
7
What is the value of (-2 - 3) + 6 + -5?
-4
2 + (4 - (0 - -7)) + 0
-1
What is -11 - (9 + (-25 - -5))?
0
6 - (5 + -5 + 3)
3
What is the value of (1 - -17) + -4 - 8?
6
Evaluate (1 - 0) + -4 - (28 + -28).
-3
Evaluate 0 + (0 - (0 - -4 - 0)).
-4
What is the value of (2 - ((5 - 5) + 0)) + -4?
-2
What is the value of 2 - 1 - 1 - (15 + -19)?
4
Calculate (-4 - (-2 - (3 + -5))) + 5.
1
What is (-6 - 0) + (-7 - -9) + 4?
0
(4 - (4 - (-2 - -4))) + 4
6
What is the value of 16 - (-1 - 2 - -14)?
5
Evaluate (1 - 5) + -9 + 12.
-1
What is the value of 4 - (2 - 1 - -1)?
2
Evaluate 4 + 2 + -1 - 2.
3
Calculate 4 + (-14 - -7) + -1.
-4
Calculate 12 + (-4 - 1) + -1.
6
-8 + (14 - 3 - 7)
-4
3 + -8 - (-3 + 3 + -9)
4
Evaluate 7 - (-1 - -3 - (0 - 3)).
2
4 + -8 + -1 - (-19 + 13)
1
(-1 - 0) + 9 + -8 - 3
-3
Calculate -6 - (2 - (4 - -1)).
-3
1 - (-1 - (-4 + -4))
-6
Calculate 4 - 0 - (8 + 0 + -4).
0
Evaluate -76 - -74 - (-1 - (0 + 0)).
-1
Evaluate 4 + -23 + 8 - -9.
-2
What is 7 + (1 + -13 - -3)?
-2
-10 - (5 + 1 + -16)
0
Calculate 4 - (-16 - -8) - (1 - -2).
9
Calculate 9 + -6 - (-1 - -4).
0
6 - (7 + (-10 - -2))
7
What is the value of 3 + (1 - -3 - (9 + 2))?
-4
26 + -41 + 7 + 1
-7
Evaluate 1 - 0 - (2 + -2 + 2).
-1
Calc